he units digit of 124562051?
1
What is the hundred thousands digit of 304722382?
7
What is the millions digit of 75442435?
5
What is the units digit of 6910143?
3
What is the hundreds digit of 801245301?
3
What is the units digit of 2774086863?
3
What is the thousands digit of 12319009?
9
What is the millions digit of 3030021320?
0
What is the hundreds digit of 150942733?
7
What is the ten millions digit of 18129151?
1
What is the ten thousands digit of 1174022401?
2
What is the units digit of 643696346?
6
What is the hundred thousands digit of 272844976?
8
What is the units digit of 72134737?
7
What is the hundred thousands digit of 391784772?
7
What is the thousands digit of 27335986?
5
What is the thousands digit of 44939763?
9
What is the hundreds digit of 26627451?
4
What is the tens digit of 1958908?
0
What is the millions digit of 316373711?
6
What is the ten thousands digit of 55539181?
3
What is the hundred thousands digit of 45909657?
9
What is the millions digit of 3398535442?
8
What is the ten thousands digit of 20635968?
3
What is the ten thousands digit of 1006268289?
6
What is the thousands digit of 214919481?
9
What is the billions digit of 4611814255?
4
What is the hundreds digit of 51385752?
7
What is the hundreds digit of 1736072688?
6
What is the ten millions digit of 16472422?
1
What is the billions digit of 1591771496?
1
What is the hundred thousands digit of 17694361?
6
What is the hundred thousands digit of 58246266?
2
What is the units digit of 278348475?
5
What is the millions digit of 1499490785?
9
What is the thousands digit of 47062464?
2
What is the hundreds digit of 71654375?
3
What is the ten thousands digit of 161579598?
7
What is the tens digit of 4563045458?
5
What is the hundred millions digit of 2210150052?
2
What is the ten millions digit of 341914866?
4
What is the millions digit of 932748643?
2
What is the ten thousands digit of 2447220443?
2
What is the ten thousands digit of 1734463515?
6
What is the ten thousands digit of 2959781342?
8
What is the hundred millions digit of 1930029025?
9
What is the units digit of 13672049?
9
What is the ten thousands digit of 137196020?
9
What is the units digit of 4194053230?
0
What is the tens digit of 6827944254?
5
What is the hundred millions digit of 684061635?
6
What is the hundreds digit of 160233528?
5
What is the hundred thousands digit of 662207320?
2
What is the ten millions digit of 431149920?
3
What is the thousands digit of 1333565?
3
What is the ten millions digit of 10493967?
1
What is the hundreds digit of 407879930?
9
What is the tens digit of 815585909?
0
What is the hundred thousands digit of 43929153?
9
What is the ten thousands digit of 1164118728?
1
What is the units digit of 26395138?
8
What is the billions digit of 2059532319?
2
What is the billions digit of 1173664604?
1
What is the millions digit of 48520425?
8
What is the thousands digit of 1109461935?
1
What is the hundred thousands digit of 4229270?
2
What is the units digit of 1478028438?
8
What is the tens digit of 3148064191?
9
What is the hundred millions digit of 157984592?
1
What is the units digit of 196629799?
9
What is the hundreds digit of 38864507?
5
What is the thousands digit of 65782063?
2
What is the thousands digit of 4902840361?
0
What is the ten thousands digit of 144562246?
6
What is the hundreds digit of 950405292?
2
What is the hundred thousands digit of 2383417785?
4
What is the thousands digit of 18901087?
1
What is the hundreds digit of 164983682?
6
What is the ten millions digit of 142226415?
4
What is the hundred thousands digit of 154052337?
0
What is the thousands digit of 52691377?
1
What is the hundred millions digit of 709276450?
7
What is the ten thousands digit of 300686650?
8
What is the hundred thousands digit of 96450357?
4
What is the ten millions digit of 966904927?
6
What is the tens digit of 497348088?
8
What is the ten millions digit of 177666300?
7
What is the millions digit of 6221362756?
1
What is the tens digit of 40720727?
2
What is the units digit of 789644780?
0
What is the thousands digit of 663477075?
7
What is the hundreds digit of 124712614?
6
What is the hundreds digit of 436944786?
7
What is the thousands digit of 2232088605?
8
What is the hundred millions digit of 376930868?
3
What is the billions digit of 5073859590?
5
What is the millions digit of 819382811?
9
What is the millions digit of 7263089096?
3
What is the ten thousands digit of 170629715?
2
What is the hundreds digit of 3369208?
2
What is the thousands digit of 464001075?
1
What is the hundred thousands digit of 2959620016?
6
What is the thousands digit of 147230615?
0
What is the hundred thousands digit of 18268424?
2
What is the ten thousands digit of 236462977?
6
What is the units digit of 303350758?
8
What is the thousands digit of 105890687?
0
What is the thousands digit of 321063704?
3
What is the ten millions digit of 29225553?
2
What is the units digit of 2029783727?
7
What is the ten thousands digit of 19817494?
1
What is the ten thousands digit of 80745670?
4
What is the hundred thousands digit of 50415375?
4
What is the hundreds digit of 4630210581?
5
What is the millions digit of 1873478?
1
What is the units digit of 14875058?
8
What is the hundred thousands digit of 31052803?
0
What is the units digit of 1390823503?
3
What is the thousands digit of 229034492?
4
What is the tens digit of 1805998252?
5
What is the tens digit of 41345582?
8
What is the hundred thousands digit of 306248372?
2
What is the hundreds digit of 1513529564?
5
What is the thousands digit of 3600802?
0
What is the ten thousands digit of 47056063?
5
What is the millions digit of 726362696?
6
What is the units digit of 296946829?
9
What is the tens digit of 359918987?
8
What is the ten thousands digit of 55696589?
9
What is the ten thousands digit of 83108655?
0
What is the millions digit of 3379117942?
9
What is the hundreds digit of 86592543?
5
What is the units digit of 1090262778?
8
What is the millions digit of 3044604514?
4
What is the hundred millions digit of 707238730?
7
What is the millions digit of 3793845502?
3
What is the units digit of 9838453?
3
What is the hundred thousands digit of 359458241?
4
What is the ten thousands digit of 60062739?
6
What is the hundreds digit of 7384770762?
7
What is the millions digit of 9174263?
9
What is the ten thousands digit of 17753854?
5
What is the ten millions digit of 272527252?
7
What is the hundred millions digit of 156740808?
1
What is the millions digit of 3042822584?
2
What is the hundreds digit of 1725916360?
3
What is the hundreds digit of 451206581?
5
What is the ten millions digit of 182094262?
8
What is the thousands digit of 151655967?
5
What is the hundred thousands digit of 395368347?
3
What is the hundred millions digit of 989549237?
9
What is the tens digit of 57068130?
3
What is the hundred thousands digit of 729092427?
0
What is the ten thousands digit of 99077148?
7
What is the hundred millions digit of 157712946?
1
What is the ten millions digit of 1331113481?
3
What is the thousands digit of 12930800?
0
What is the ten millions digit of 37055422?
3
What is the tens digit of 3524646436?
3
What is the millions digit of 4150958149?
0
What is the thousands digit of 36152767?
2
What is the thousands digit of 1538112710?
2
What is the units digit of 82401805?
5
What is the hundreds digit of 630310938?
9
What is the ten thousands digit of 2933133962?
3
What is the hundred millions digit of 868456458?
8
What is the thousands digit of 99024842?
4
What is the ten thousands digit of 134674371?
7
What is the thousands digit of 287374137?
4
What is the ten millions digit of 554544550?
5
What is the thousands digit of 37960598?
0
What is the units digit of 2406655028?
8
What is the millions digit of 117051237?
7
What is the thousands digit of 391301943?
1
What is the ten thousands digit of 1418561160?
6
What is the hundred thousands digit of 486378962?
3
What is the hundreds digit of 1509984560?
5
What is the ten thousands digit of 32667680?
6
What is the tens digit of 2326053145?
4
What is the hundreds digit of 543962549?
5
What is the hundred thousands digit of 600867986?
8
What is the ten millions digit of 162175125?
6
What i